{"id":537,"date":"2025-06-18T06:42:44","date_gmt":"2025-06-18T06:42:44","guid":{"rendered":"https:\/\/888starz.tips\/?page_id=525"},"modified":"2025-08-25T14:06:02","modified_gmt":"2025-08-25T14:06:02","slug":"losing-bets","status":"publish","type":"page","link":"https:\/\/888starz.tips\/cameroun\/bonus\/losing-bets\/","title":{"rendered":"Pertes de paris"},"content":{"rendered":"","protected":false},"excerpt":{"rendered":"","protected":false},"author":1,"featured_media":0,"parent":152,"menu_order":0,"comment_status":"closed","ping_status":"closed","template":"","meta":{"footnotes":""},"class_list":["post-537","page","type-page","status-publish","hentry"],"yoast_head":"<!-- This site is optimized with the Yoast SEO plugin v27.4 - https:\/\/yoast.com\/product\/yoast-seo-wordpress\/ -->\n<title>Bonus 888Starz pour les paris perdants: Obtenez une indemnit\u00e9<\/title>\n<meta name=\"description\" content=\"Vous \u00eates pris dans une s\u00e9rie de d\u00e9faites ? 888Starz ne vous laissera pas tomber! Obtenez jusqu&#039;\u00e0 280.000 XAF de compensation pour 20 paris perdants cons\u00e9cutifs!\" \/>\n<meta name=\"robots\" content=\"index, follow, max-snippet:-1, max-image-preview:large, max-video-preview:-1\" \/>\n<meta property=\"og:locale\" content=\"fr_FR\" \/>\n<meta property=\"og:type\" content=\"article\" \/>\n<meta property=\"og:title\" content=\"Bonus 888Starz pour les paris perdants: Obtenez une indemnit\u00e9\" \/>\n<meta property=\"og:description\" content=\"Vous \u00eates pris dans une s\u00e9rie de d\u00e9faites ? 888Starz ne vous laissera pas tomber! Obtenez jusqu&#039;\u00e0 280.000 XAF de compensation pour 20 paris perdants cons\u00e9cutifs!\" \/>\n<meta property=\"og:url\" content=\"https:\/\/888starz.tips\/cameroun\/bonus\/losing-bets\/\" \/>\n<meta property=\"og:site_name\" content=\"888starz Tips cm\" \/>\n<meta property=\"article:modified_time\" content=\"2025-08-25T14:06:02+00:00\" \/>\n<meta name=\"twitter:card\" content=\"summary_large_image\" \/>\n<script type=\"application\/ld+json\" class=\"yoast-schema-graph\">{\"@context\":\"https:\\\/\\\/schema.org\",\"@graph\":[{\"@type\":\"WebPage\",\"@id\":\"https:\\\/\\\/888starz.tips\\\/cameroun\\\/bonus\\\/losing-bets\\\/\",\"url\":\"https:\\\/\\\/888starz.tips\\\/cameroun\\\/bonus\\\/losing-bets\\\/\",\"name\":\"Bonus 888Starz pour les paris perdants: Obtenez une indemnit\u00e9\",\"isPartOf\":{\"@id\":\"https:\\\/\\\/888starz.tips\\\/cameroun\\\/#website\"},\"datePublished\":\"2025-06-18T06:42:44+00:00\",\"dateModified\":\"2025-08-25T14:06:02+00:00\",\"description\":\"Vous \u00eates pris dans une s\u00e9rie de d\u00e9faites ? 888Starz ne vous laissera pas tomber! Obtenez jusqu'\u00e0 280.000 XAF de compensation pour 20 paris perdants cons\u00e9cutifs!\",\"breadcrumb\":{\"@id\":\"https:\\\/\\\/888starz.tips\\\/cameroun\\\/bonus\\\/losing-bets\\\/#breadcrumb\"},\"inLanguage\":\"fr-CM\",\"potentialAction\":[{\"@type\":\"ReadAction\",\"target\":[\"https:\\\/\\\/888starz.tips\\\/cameroun\\\/bonus\\\/losing-bets\\\/\"]}]},{\"@type\":\"BreadcrumbList\",\"@id\":\"https:\\\/\\\/888starz.tips\\\/cameroun\\\/bonus\\\/losing-bets\\\/#breadcrumb\",\"itemListElement\":[{\"@type\":\"ListItem\",\"position\":1,\"name\":\"Home\",\"item\":\"https:\\\/\\\/888starz.tips\\\/cameroun\\\/\"},{\"@type\":\"ListItem\",\"position\":2,\"name\":\"Bonus\",\"item\":\"https:\\\/\\\/888starz.tips\\\/cameroun\\\/bonus\\\/\"},{\"@type\":\"ListItem\",\"position\":3,\"name\":\"Pertes de paris\"}]},{\"@type\":\"WebSite\",\"@id\":\"https:\\\/\\\/888starz.tips\\\/cameroun\\\/#website\",\"url\":\"https:\\\/\\\/888starz.tips\\\/cameroun\\\/\",\"name\":\"888starz Tips cm\",\"description\":\"My WordPress Blog\",\"potentialAction\":[{\"@type\":\"SearchAction\",\"target\":{\"@type\":\"EntryPoint\",\"urlTemplate\":\"https:\\\/\\\/888starz.tips\\\/cameroun\\\/?s={search_term_string}\"},\"query-input\":{\"@type\":\"PropertyValueSpecification\",\"valueRequired\":true,\"valueName\":\"search_term_string\"}}],\"inLanguage\":\"fr-CM\"}]}<\/script>\n<!-- \/ Yoast SEO plugin. -->","yoast_head_json":{"title":"Bonus 888Starz pour les paris perdants: Obtenez une indemnit\u00e9","description":"Vous \u00eates pris dans une s\u00e9rie de d\u00e9faites ? 888Starz ne vous laissera pas tomber! Obtenez jusqu'\u00e0 280.000 XAF de compensation pour 20 paris perdants cons\u00e9cutifs!","robots":{"index":"index","follow":"follow","max-snippet":"max-snippet:-1","max-image-preview":"max-image-preview:large","max-video-preview":"max-video-preview:-1"},"og_locale":"fr_FR","og_type":"article","og_title":"Bonus 888Starz pour les paris perdants: Obtenez une indemnit\u00e9","og_description":"Vous \u00eates pris dans une s\u00e9rie de d\u00e9faites ? 888Starz ne vous laissera pas tomber! Obtenez jusqu'\u00e0 280.000 XAF de compensation pour 20 paris perdants cons\u00e9cutifs!","og_url":"https:\/\/888starz.tips\/cameroun\/bonus\/losing-bets\/","og_site_name":"888starz Tips cm","article_modified_time":"2025-08-25T14:06:02+00:00","twitter_card":"summary_large_image","schema":{"@context":"https:\/\/schema.org","@graph":[{"@type":"WebPage","@id":"https:\/\/888starz.tips\/cameroun\/bonus\/losing-bets\/","url":"https:\/\/888starz.tips\/cameroun\/bonus\/losing-bets\/","name":"Bonus 888Starz pour les paris perdants: Obtenez une indemnit\u00e9","isPartOf":{"@id":"https:\/\/888starz.tips\/cameroun\/#website"},"datePublished":"2025-06-18T06:42:44+00:00","dateModified":"2025-08-25T14:06:02+00:00","description":"Vous \u00eates pris dans une s\u00e9rie de d\u00e9faites ? 888Starz ne vous laissera pas tomber! Obtenez jusqu'\u00e0 280.000 XAF de compensation pour 20 paris perdants cons\u00e9cutifs!","breadcrumb":{"@id":"https:\/\/888starz.tips\/cameroun\/bonus\/losing-bets\/#breadcrumb"},"inLanguage":"fr-CM","potentialAction":[{"@type":"ReadAction","target":["https:\/\/888starz.tips\/cameroun\/bonus\/losing-bets\/"]}]},{"@type":"BreadcrumbList","@id":"https:\/\/888starz.tips\/cameroun\/bonus\/losing-bets\/#breadcrumb","itemListElement":[{"@type":"ListItem","position":1,"name":"Home","item":"https:\/\/888starz.tips\/cameroun\/"},{"@type":"ListItem","position":2,"name":"Bonus","item":"https:\/\/888starz.tips\/cameroun\/bonus\/"},{"@type":"ListItem","position":3,"name":"Pertes de paris"}]},{"@type":"WebSite","@id":"https:\/\/888starz.tips\/cameroun\/#website","url":"https:\/\/888starz.tips\/cameroun\/","name":"888starz Tips cm","description":"My WordPress Blog","potentialAction":[{"@type":"SearchAction","target":{"@type":"EntryPoint","urlTemplate":"https:\/\/888starz.tips\/cameroun\/?s={search_term_string}"},"query-input":{"@type":"PropertyValueSpecification","valueRequired":true,"valueName":"search_term_string"}}],"inLanguage":"fr-CM"}]}},"_links":{"self":[{"href":"https:\/\/888starz.tips\/cameroun\/wp-json\/wp\/v2\/pages\/537","targetHints":{"allow":["GET"]}}],"collection":[{"href":"https:\/\/888starz.tips\/cameroun\/wp-json\/wp\/v2\/pages"}],"about":[{"href":"https:\/\/888starz.tips\/cameroun\/wp-json\/wp\/v2\/types\/page"}],"author":[{"embeddable":true,"href":"https:\/\/888starz.tips\/cameroun\/wp-json\/wp\/v2\/users\/1"}],"replies":[{"embeddable":true,"href":"https:\/\/888starz.tips\/cameroun\/wp-json\/wp\/v2\/comments?post=537"}],"version-history":[{"count":2,"href":"https:\/\/888starz.tips\/cameroun\/wp-json\/wp\/v2\/pages\/537\/revisions"}],"predecessor-version":[{"id":550,"href":"https:\/\/888starz.tips\/cameroun\/wp-json\/wp\/v2\/pages\/537\/revisions\/550"}],"up":[{"embeddable":true,"href":"https:\/\/888starz.tips\/cameroun\/wp-json\/wp\/v2\/pages\/152"}],"wp:attachment":[{"href":"https:\/\/888starz.tips\/cameroun\/wp-json\/wp\/v2\/media?parent=537"}],"curies":[{"name":"wp","href":"https:\/\/api.w.org\/{rel}","templated":true}]}}